{"id":1593,"date":"2025-02-11T10:31:44","date_gmt":"2025-02-11T10:31:44","guid":{"rendered":"https:\/\/www.kihlstroms.se\/v3\/?page_id=1593"},"modified":"2025-05-06T09:03:24","modified_gmt":"2025-05-06T09:03:24","slug":"iveco-my24-broschyrer","status":"publish","type":"page","link":"https:\/\/www.kihlstroms.se\/v3\/iveco-my24-broschyrer\/","title":{"rendered":"IVECO Broschyrer"},"content":{"rendered":"<section class=\"brochure-section\">\n<p><span style=\"color: var(--nv-text-color); font-family: var(--bodyfontfamily); font-size: var(--bodyfontsize); font-weight: var(--bodyfontweight); letter-spacing: var(--bodyletterspacing); text-transform: var(--bodytexttransform); background-color: var(--nv-site-bg);\">H\u00e4r kan du ladda ner v\u00e5ra broschyrer i PDF-format. Klicka p\u00e5 l\u00e4nkarna nedan f\u00f6r att \u00f6ppna eller ladda ner broschyren.<\/span><\/p>\n<\/section>\n<section class=\"brochure-section\">\n<h6><span style=\"color: revert; font-family: var(--headingsfontfamily,var(--bodyfontfamily)); font-size: var(--h2fontsize); font-weight: var(--h2fontweight); letter-spacing: var(--h2letterspacing); text-transform: var(--h2texttransform); background-color: var(--nv-site-bg);\">Transportbilar och lastbilar<\/span><\/h6>\n<ul class=\"brochure-list\">\n<li class=\"brochure-list-item\"><a href=\"https:\/\/view.publitas.com\/iveco\/my24-se-daily-van\/\" target=\"_blank\" rel=\"noopener noreferrer\">IVECO Daily Sk\u00e5pbil<\/a><a href=\"https:\/\/www.kihlstroms.se\/v3\/wp-content\/uploads\/2025\/02\/IVECO-MY24-SE-DAILY-VAN.pdf\"> IVECO &#8211; MY24 SE DAILY VAN<\/a><\/li>\n<li class=\"brochure-list-item\"><a href=\"https:\/\/www.kihlstroms.se\/v3\/wp-content\/uploads\/2025\/02\/IVECO-MY-24-SE-CAB-SE.pdf\" target=\"_blank\" rel=\"noopener noreferrer\">IVECO Daily Cab\/IVECO Daily chassi med p\u00e5byggt sk\u00e5p\u00a0<\/a><a href=\"https:\/\/www.kihlstroms.se\/v3\/wp-content\/uploads\/2025\/02\/IVECO-MY-24-SE-CAB-SE.pdf\"> IVECO &#8211; MY 24 SE CAB SE<\/a><\/li>\n<li>IVECO el alternativ E-daily hittar ni nedan.<\/li>\n<li><a href=\"https:\/\/www.kihlstroms.se\/v3\/wp-content\/uploads\/2025\/02\/IVECO-MY24-SE-eDaily.pdf\">IVECO &#8211; MY24 SE eDaily<\/a><\/li>\n<li><a href=\"https:\/\/www.kihlstroms.se\/v3\/wp-content\/uploads\/2025\/02\/IVECO-MY24-Daily-Accessories-SE.pdf\">IVECO &#8211; MY24 Daily tillbeh\u00f6r Accessories SE<\/a><\/li>\n<\/ul>\n<\/section>\n<section class=\"brochure-section\">\n<h3 class=\"brochure-category-title\">Tunga Lastbilar<\/h3>\n<ul>\n<li><a class=\"brochure-download-link\" href=\"https:\/\/www.kihlstroms.se\/v3\/wp-content\/uploads\/2025\/02\/IVECO-MY24-SE-EUROCARGO.pdf\">IVECO &#8211; MY24 SE EUROCARGO<\/a><\/li>\n<li><a class=\"brochure-download-link\" href=\"https:\/\/www.kihlstroms.se\/v3\/wp-content\/uploads\/2025\/02\/IVECO-XWAY_SE.pdf&quot;\">IVECO-X WAY_SE<\/a><\/li>\n<li class=\"brochure-list-item\"><a href=\"https:\/\/www.kihlstroms.se\/v3\/wp-content\/uploads\/2025\/02\/IVECO-MY24-SE-SWAY.pdf\">IVECO &#8211; MY24 SE SWAY<\/a><\/li>\n<li class=\"brochure-list-item\"><a href=\"https:\/\/www.kihlstroms.se\/v3\/wp-content\/uploads\/2025\/02\/IVECO-MY24-SWAY-Accessories-SE.pdf\">MY24 SWAY Accessories SE <\/a><\/li>\n<\/ul>\n<\/section>\n<section class=\"brochure-section\">\n<h3 class=\"brochure-category-title\">IVECO SERVICE SOLUTIONS\/AVTAL<\/h3>\n<p><a href=\"https:\/\/www.kihlstroms.se\/v3\/wp-content\/uploads\/2025\/02\/IVECO-IVECO-Services-SE-ipaper-1.pdf\">IVECO &#8211; IVECO Services SE ipaper<\/a><\/p>\n<\/section>\n\n\n<p><\/p>\n\n\n\n<div class=\"wp-block-essential-blocks-call-to-action  root-eb-call-to-action-0e4yd\"><div class=\"eb-parent-wrapper eb-parent-eb-call-to-action-0e4yd \"><div class=\"eb-cia-wrapper eb-call-to-action-0e4yd\" data-icon=\"dashicons-whatsapp\"><div class=\"eb-cia-text-wrapper\"><span class=\"dashicon dashicons dashicons-whatsapp eb-cia-icon\"><\/span><h3 class=\"eb-cia-title\">Vi erbjuder ett omfattande sortiment av transportfordon, inklusive Kampanjbilar som vi har i lager f\u00f6r omg\u00e5ende leverans p\u00e5 Iveco daily sk\u00e5p med lift, budbilar, IVECO Daily sk\u00e5pbil Van 12m3 och kylbilar.<\/h3><p class=\"eb-cia-description\">Hos oss \u00e4r fokus att anpassa fordonen efter era behov. Vi hj\u00e4lper er att ta fram offert f\u00f6r specialbilar, l\u00e4tta lastbilar, lastbilar, flakbilar, kranbilar, chassibilar, sk\u00e5p med lift. Kontakta oss f\u00f6r skr\u00e4ddarsydda f\u00f6rslag som passar just din verksamhet eller maila oss p\u00e5\u00a0<br><a href=\"mailto:philip@kihlstroms.se\">philip@kihlstroms.se<\/a>\u00a0<strong>Philip Pasaportis<\/strong> Tele: 070-644 07 00 \/ 08-545 287 15, <br><a href=\"mailto:osterberg@kihlstroms.se\">osterberg@kihlstroms.se<\/a>\u00a0<strong>Alexander \u00d6sterberg<\/strong>\u00a0070-644 07 00<strong> <\/strong>\/ 08-545 287 01,<br><br>\u00a0Ska ni k\u00f6pa flera bilar eller byta ut hela vagnparken till Iveco kontakta F\u00f6rs\u00e4ljningschef <br><a href=\"mailto:alexander@kihlstroms.se\">alexander@kihlstroms.se<\/a> <strong>Alexander Pasaportis<\/strong> 08-545 287 14 \/ <strong>070-328 87 00<\/strong><\/p><\/div><div class=\"eb-cia-button-wrapper\"><a href=\"https:\/\/www.kihlstroms.se\/v3\/bygg-din-lastbil\/\" target=\"_self\" rel=\"noopener\"><div class=\"eb-cia-button is-large\">BYGGA DIN LASTBIL \u2013 F\u00c5 EN OFFERT SOM PASSAR ER!<\/div><\/a><\/div><\/div><\/div><\/div>\n","protected":false},"excerpt":{"rendered":"<p>H\u00e4r kan du ladda ner v\u00e5ra broschyrer i PDF-format. Klicka p\u00e5 l\u00e4nkarna nedan f\u00f6r att \u00f6ppna eller ladda ner broschyren. Transportbilar och lastbilar IVECO Daily Sk\u00e5pbil IVECO &#8211; MY24 SE DAILY VAN IVECO Daily Cab\/IVECO Daily chassi med p\u00e5byggt sk\u00e5p\u00a0 IVECO &#8211; MY 24 SE CAB SE IVECO el alternativ E-daily hittar ni nedan. IVECO&hellip;&nbsp;<a href=\"https:\/\/www.kihlstroms.se\/v3\/iveco-my24-broschyrer\/\" rel=\"bookmark\">Read More &raquo;<span class=\"screen-reader-text\">IVECO Broschyrer<\/span><\/a><\/p>\n","protected":false},"author":2,"featured_media":1627,"parent":0,"menu_order":0,"comment_status":"closed","ping_status":"closed","template":"","meta":{"_eb_attr":"","neve_meta_sidebar":"","neve_meta_container":"","neve_meta_enable_content_width":"","neve_meta_content_width":0,"neve_meta_title_alignment":"","neve_meta_author_avatar":"","neve_post_elements_order":"","neve_meta_disable_header":"","neve_meta_disable_footer":"","neve_meta_disable_title":"","neve_meta_reading_time":"","footnotes":""},"class_list":["post-1593","page","type-page","status-publish","has-post-thumbnail","hentry"],"_links":{"self":[{"href":"https:\/\/www.kihlstroms.se\/v3\/wp-json\/wp\/v2\/pages\/1593","targetHints":{"allow":["GET"]}}],"collection":[{"href":"https:\/\/www.kihlstroms.se\/v3\/wp-json\/wp\/v2\/pages"}],"about":[{"href":"https:\/\/www.kihlstroms.se\/v3\/wp-json\/wp\/v2\/types\/page"}],"author":[{"embeddable":true,"href":"https:\/\/www.kihlstroms.se\/v3\/wp-json\/wp\/v2\/users\/2"}],"replies":[{"embeddable":true,"href":"https:\/\/www.kihlstroms.se\/v3\/wp-json\/wp\/v2\/comments?post=1593"}],"version-history":[{"count":37,"href":"https:\/\/www.kihlstroms.se\/v3\/wp-json\/wp\/v2\/pages\/1593\/revisions"}],"predecessor-version":[{"id":3292,"href":"https:\/\/www.kihlstroms.se\/v3\/wp-json\/wp\/v2\/pages\/1593\/revisions\/3292"}],"wp:featuredmedia":[{"embeddable":true,"href":"https:\/\/www.kihlstroms.se\/v3\/wp-json\/wp\/v2\/media\/1627"}],"wp:attachment":[{"href":"https:\/\/www.kihlstroms.se\/v3\/wp-json\/wp\/v2\/media?parent=1593"}],"curies":[{"name":"wp","href":"https:\/\/api.w.org\/{rel}","templated":true}]}}

<section class="brochure-section">
<p><span style="color: var(--nv-text-color); font-family: var(--bodyfontfamily); font-size: var(--bodyfontsize); font-weight: var(--bodyfontweight); letter-spacing: var(--bodyletterspacing); text-transform: var(--bodytexttransform); background-color: var(--nv-site-bg);">Här kan du ladda ner våra broschyrer i PDF-format. Klicka på länkarna nedan för att öppna eller ladda ner broschyren.</span></p>
</section>
<section class="brochure-section">
<h6><span style="color: revert; font-family: var(--headingsfontfamily,var(--bodyfontfamily)); font-size: var(--h2fontsize); font-weight: var(--h2fontweight); letter-spacing: var(--h2letterspacing); text-transform: var(--h2texttransform); background-color: var(--nv-site-bg);">Transportbilar och lastbilar</span></h6>
<ul class="brochure-list">
<li class="brochure-list-item"><a href="https://view.publitas.com/iveco/my24-se-daily-van/" target="_blank" rel="noopener noreferrer">IVECO Daily Skåpbil</a><a href="https://www.kihlstroms.se/v3/wp-content/uploads/2025/02/IVECO-MY24-SE-DAILY-VAN.pdf"> IVECO &#8211; MY24 SE DAILY VAN</a></li>
<li class="brochure-list-item"><a href="https://www.kihlstroms.se/v3/wp-content/uploads/2025/02/IVECO-MY-24-SE-CAB-SE.pdf" target="_blank" rel="noopener noreferrer">IVECO Daily Cab/IVECO Daily chassi med påbyggt skåp </a><a href="https://www.kihlstroms.se/v3/wp-content/uploads/2025/02/IVECO-MY-24-SE-CAB-SE.pdf"> IVECO &#8211; MY 24 SE CAB SE</a></li>
<li>IVECO el alternativ E-daily hittar ni nedan.</li>
<li><a href="https://www.kihlstroms.se/v3/wp-content/uploads/2025/02/IVECO-MY24-SE-eDaily.pdf">IVECO &#8211; MY24 SE eDaily</a></li>
<li><a href="https://www.kihlstroms.se/v3/wp-content/uploads/2025/02/IVECO-MY24-Daily-Accessories-SE.pdf">IVECO &#8211; MY24 Daily tillbehör Accessories SE</a></li>
</ul>
</section>
<section class="brochure-section">
<h3 class="brochure-category-title">Tunga Lastbilar</h3>
<ul>
<li><a class="brochure-download-link" href="https://www.kihlstroms.se/v3/wp-content/uploads/2025/02/IVECO-MY24-SE-EUROCARGO.pdf">IVECO &#8211; MY24 SE EUROCARGO</a></li>
<li><a class="brochure-download-link" href="https://www.kihlstroms.se/v3/wp-content/uploads/2025/02/IVECO-XWAY_SE.pdf&quot;">IVECO-X WAY_SE</a></li>
<li class="brochure-list-item"><a href="https://www.kihlstroms.se/v3/wp-content/uploads/2025/02/IVECO-MY24-SE-SWAY.pdf">IVECO &#8211; MY24 SE SWAY</a></li>
<li class="brochure-list-item"><a href="https://www.kihlstroms.se/v3/wp-content/uploads/2025/02/IVECO-MY24-SWAY-Accessories-SE.pdf">MY24 SWAY Accessories SE </a></li>
</ul>
</section>
<section class="brochure-section">
<h3 class="brochure-category-title">IVECO SERVICE SOLUTIONS/AVTAL</h3>
<p><a href="https://www.kihlstroms.se/v3/wp-content/uploads/2025/02/IVECO-IVECO-Services-SE-ipaper-1.pdf">IVECO &#8211; IVECO Services SE ipaper</a></p>
</section>


<p></p>



<div class="wp-block-essential-blocks-call-to-action  root-eb-call-to-action-0e4yd"><div class="eb-parent-wrapper eb-parent-eb-call-to-action-0e4yd "><div class="eb-cia-wrapper eb-call-to-action-0e4yd" data-icon="dashicons-whatsapp"><div class="eb-cia-text-wrapper"><span class="dashicon dashicons dashicons-whatsapp eb-cia-icon"></span><h3 class="eb-cia-title">Vi erbjuder ett omfattande sortiment av transportfordon, inklusive Kampanjbilar som vi har i lager för omgående leverans på Iveco daily skåp med lift, budbilar, IVECO Daily skåpbil Van 12m3 och kylbilar.</h3><p class="eb-cia-description">Hos oss är fokus att anpassa fordonen efter era behov. Vi hjälper er att ta fram offert för specialbilar, lätta lastbilar, lastbilar, flakbilar, kranbilar, chassibilar, skåp med lift. Kontakta oss för skräddarsydda förslag som passar just din verksamhet eller maila oss på <br><a href="mailto:philip@kihlstroms.se">philip@kihlstroms.se</a> <strong>Philip Pasaportis</strong> Tele: 070-644 07 00 / 08-545 287 15, <br><a href="mailto:osterberg@kihlstroms.se">osterberg@kihlstroms.se</a> <strong>Alexander Österberg</strong> 070-644 07 00<strong> </strong>/ 08-545 287 01,<br><br> Ska ni köpa flera bilar eller byta ut hela vagnparken till Iveco kontakta Försäljningschef <br><a href="mailto:alexander@kihlstroms.se">alexander@kihlstroms.se</a> <strong>Alexander Pasaportis</strong> 08-545 287 14 / <strong>070-328 87 00</strong></p></div><div class="eb-cia-button-wrapper"><a href="https://www.kihlstroms.se/v3/bygg-din-lastbil/" target="_self" rel="noopener"><div class="eb-cia-button is-large">BYGGA DIN LASTBIL – FÅ EN OFFERT SOM PASSAR ER!</div></a></div></div></div></div>

<p>Här kan du ladda ner våra broschyrer i PDF-format. Klicka på länkarna nedan för att öppna eller ladda ner broschyren. Transportbilar och lastbilar IVECO Daily Skåpbil IVECO &#8211; MY24 SE DAILY VAN IVECO Daily Cab/IVECO Daily chassi med påbyggt skåp  IVECO &#8211; MY 24 SE CAB SE IVECO el alternativ E-daily hittar ni nedan. IVECO&hellip;&nbsp;<a href="https://www.kihlstroms.se/v3/iveco-my24-broschyrer/" rel="bookmark">Read More &raquo;<span class="screen-reader-text">IVECO Broschyrer</span></a></p>
