{"id":4435,"date":"2025-12-03T08:40:02","date_gmt":"2025-12-03T08:40:02","guid":{"rendered":"https:\/\/www.kihlstroms.se\/v3\/?page_id=4435"},"modified":"2025-12-03T08:40:20","modified_gmt":"2025-12-03T08:40:20","slug":"jobba-hos-oss-ovriga","status":"publish","type":"page","link":"https:\/\/www.kihlstroms.se\/v3\/jobba-hos-oss-ovriga\/","title":{"rendered":"\u00d6vriga"},"content":{"rendered":"\n<p>Vi \u00e4r st\u00e4ndigt i behov av fler duktiga m\u00e4nniskor, vill du vara med?<\/p>\n\n\n\n<p>Skicka ett mail till&nbsp;<a href=\"mailto:micha@kihlstroms.se\">micha@kihlstroms.se<\/a><\/p>\n","protected":false},"excerpt":{"rendered":"<p>Vi \u00e4r st\u00e4ndigt i behov av fler duktiga m\u00e4nniskor, vill du vara med? Skicka ett mail till&nbsp;micha@kihlstroms.se<\/p>\n","protected":false},"author":1,"featured_media":0,"parent":0,"menu_order":0,"comment_status":"closed","ping_status":"closed","template":"","meta":{"_eb_attr":"","neve_meta_sidebar":"","neve_meta_container":"","neve_meta_enable_content_width":"","neve_meta_content_width":0,"neve_meta_title_alignment":"","neve_meta_author_avatar":"","neve_post_elements_order":"","neve_meta_disable_header":"","neve_meta_disable_footer":"","neve_meta_disable_title":"","neve_meta_reading_time":"","footnotes":""},"class_list":["post-4435","page","type-page","status-publish","hentry"],"_links":{"self":[{"href":"https:\/\/www.kihlstroms.se\/v3\/wp-json\/wp\/v2\/pages\/4435","targetHints":{"allow":["GET"]}}],"collection":[{"href":"https:\/\/www.kihlstroms.se\/v3\/wp-json\/wp\/v2\/pages"}],"about":[{"href":"https:\/\/www.kihlstroms.se\/v3\/wp-json\/wp\/v2\/types\/page"}],"author":[{"embeddable":true,"href":"https:\/\/www.kihlstroms.se\/v3\/wp-json\/wp\/v2\/users\/1"}],"replies":[{"embeddable":true,"href":"https:\/\/www.kihlstroms.se\/v3\/wp-json\/wp\/v2\/comments?post=4435"}],"version-history":[{"count":2,"href":"https:\/\/www.kihlstroms.se\/v3\/wp-json\/wp\/v2\/pages\/4435\/revisions"}],"predecessor-version":[{"id":4437,"href":"https:\/\/www.kihlstroms.se\/v3\/wp-json\/wp\/v2\/pages\/4435\/revisions\/4437"}],"wp:attachment":[{"href":"https:\/\/www.kihlstroms.se\/v3\/wp-json\/wp\/v2\/media?parent=4435"}],"curies":[{"name":"wp","href":"https:\/\/api.w.org\/{rel}","templated":true}]}}